e
Is 901273 composite?
False
Is 110287291 a prime number?
True
Is 70494847 a prime number?
False
Is 12661021 prime?
True
Is 165193601 a prime number?
True
Is 295546141 prime?
False
Is 20843077 composite?
True
Is 6044371 prime?
True
Is 204723611 composite?
False
Is 140476451 a prime number?
True
Is 1928237 a prime number?
True
Is 478157257 a composite number?
False
Is 8034491 a prime number?
True
Is 3555131 composite?
False
Is 525633 a composite number?
True
Is 5864619 composite?
True
Is 42498077 a composite number?
False
Is 85408285 composite?
True
Is 23528713 a composite number?
True
Is 203490887 prime?
True
Is 80575583 a composite number?
True
Is 717517 composite?
True
Is 3323257 composite?
True
Is 7724338 a composite number?
True
Is 299069579 a prime number?
True
Is 32337427 composite?
False
Is 144840353 a composite number?
True
Is 14549401 prime?
False
Is 99584407 a prime number?
False
Is 65745677 prime?
True
Is 19421918 composite?
True
Is 8208721 a composite number?
False
Is 268790981 a composite number?
True
Is 1351523 prime?
True
Is 7588533 composite?
True
Is 27556819 prime?
True
Is 23962769 a prime number?
True
Is 210342485 prime?
False
Is 85022047 composite?
True
Is 4956005 prime?
False
Is 348445831 a prime number?
True
Is 11501143 a composite number?
False
Is 7777507 a composite number?
True
Is 1651889 composite?
True
Is 12851009 composite?
True
Is 7011629 prime?
False
Is 1517809 composite?
True
Is 128340323 a composite number?
False
Is 239515 a composite number?
True
Is 2662799 composite?
True
Is 140590993 prime?
False
Is 76367 a prime number?
True
Is 46823146 prime?
False
Is 35274947 composite?
False
Is 12949681 a composite number?
True
Is 113028613 composite?
False
Is 47737763 a prime number?
False
Is 17762447 composite?
False
Is 73041559 a prime number?
True
Is 437286761 a prime number?
True
Is 167257 a prime number?
False
Is 29871031 a prime number?
True
Is 7663283 a prime number?
True
Is 14576573 a prime number?
False
Is 1508861 composite?
True
Is 12857549 prime?
True
Is 13919263 composite?
False
Is 36248357 prime?
False
Is 4991101 a prime number?
True
Is 15302351 composite?
False
Is 1328651 composite?
True
Is 2347759 prime?
True
Is 32211987 a composite number?
True
Is 129401563 composite?
False
Is 110209549 composite?
True
Is 9506117 prime?
True
Is 2432977 a prime number?
True
Is 109055887 composite?
False
Is 50703437 a prime number?
True
Is 137580187 composite?
False
Is 250432009 a prime number?
True
Is 698892002 a composite number?
True
Is 15056821 a composite number?
True
Is 60423227 a composite number?
True
Is 19632677 a prime number?
True
Is 1672063 a prime number?
True
Is 296869 a prime number?
False
Is 2848901 a prime number?
False
Is 11232421 composite?
True
Is 3133147 composite?
True
Is 6451579 composite?
True
Is 6045269 composite?
False
Is 67937 a composite number?
True
Is 8844223 a composite number?
False
Is 40688807 a prime number?
False
Is 1577867 prime?
False
Is 89517479 composite?
False
Is 214244587 composite?
False
Is 21853157 a prime number?
False
Is 420604969 composite?
False
Is 31156921 a composite number?
False
Is 2760281 a composite number?
True
Is 49410541 prime?
True
Is 206951023 prime?
True
Is 5699081 a composite number?
False
Is 307150939 prime?
True
Is 127034701 a prime number?
True
Is 41830891 prime?
True
Is 94233457 prime?
False
Is 75764747 a composite number?
False
Is 105794279 a prime number?
True
Is 6998047 composite?
True
Is 3627697 a composite number?
True
Is 292689497 a composite number?
False
Is 3572159 a prime number?
False
Is 4193099 a composite number?
True
Is 980621 a composite number?
False
Is 85846 a prime number?
False
Is 62242849 a composite number?
False
Is 27084877 a composite number?
False
Is 16442869 a composite number?
False
Is 33262869 composite?
True
Is 1629713 prime?
False
Is 19154281 a prime number?
False
Is 89832469 prime?
True
Is 370019263 prime?
False
Is 23448791 a composite number?
True
Is 1702619 a composite number?
True
Is 104245 prime?
False
Is 7288217 prime?
False
Is 2520881 a composite number?
True
Is 70291981 prime?
True
Is 26306801 prime?
True
Is 137067863 a prime number?
False
Is 49193383 prime?
True
Is 4236193 a composite number?
True
Is 2409893 composite?
False
Is 96743 composite?
True
Is 5184977 prime?
False
Is 4638769 a prime number?
False
Is 158432663 a prime number?
True
Is 11924233 a composite number?
False
Is 13010147 a composite number?
False
Is 39322759 composite?
True
Is 2656301 a prime number?
False
Is 3510183 a composite number?
True
Is 3191179 a composite number?
False
Is 46796483 prime?
True
Is 20793931 composite?
False
Is 13590791 composite?
True
Is 933619 prime?
False
Is 39611233 a prime number?
True
Is 591963301 composite?
True
Is 30912733 a prime number?
False
Is 48068054 composite?
True
Is 96356639 a prime number?
True
Is 545201 a prime number?
False
Is 7842427 composite?
False
Is 14608085 prime?
False
Is 1178179 a prime number?
False
Is 59559086 prime?
False
Is 671454187 prime?
True
Is 321406529 a composite number?
False
Is 144604637 a composite number?
False
Is 16516405 a composite number?
True
Is 12881807 prime?
False
Is 112177259 a composite number?
False
Is 18855779 a composite number?
True
Is 900539 a composite number?
False
Is 1786393819 prime?
False
Is 19261597 prime?
False
Is 585520541 a prime number?
True
Is 459231997 composite?
True
Is 28079717 a prime number?
False
Is 1152023 composite?
False
Is 7222223 composite?
True
Is 3629091 a prime number?
False
Is 44853503 prime?
True
Is 226147 a composite number?
True
Is 37021799 prime?
True
Is 1299562417 composite?
False
Is 10905017 prime?
True
Is 3444667 prime?
True
Is 22962671 prime?
False
Is 15120991 a composite number?
False
Is 507109 a composite number?
False
Is 29356459 composite?
True
Is 5645023 prime?
False
Is 23723893 a composite number?
False
Is 1178601083 a composite number?
True
Is 30493574 prime?
False
Is 522719 a prime number?
True
Is 5910211 composite?
True
Is 14691137 composite?
False
Is 56770037 composite?
True
Is 14252111 prime?
False
Is 230467546 prime?
False
Is 182930549 prime?
False
Is 14184133 a composite number?
False
Is 306057397 a composite number?
True
Is 6819191 prime?
True
Is 208822511 prime?
False
Is 13038593 a composite number?
True
Is 73102621 a prime number?
False
Is 1216727 prime?
False
Is 2070517 a prime number?
True
Is 984911 a composite number?
False
Is 879421 a prime number?
False
Is 6391351 composite?
True
Is 22371941 a prime number?
True
Is 1377813 a composite number?
True
Is 34066099 composite?
True
Is 26475821 a prime number?
True
Is 2987279 composite?
False
Is 15144331 prime?
False
Is 18013915 a prime number?
False
Is 516085 a composite number?
True
Is 7195283 composite?
False
Is 11503139 a prime number?
False
Is 191281 a prime number?
True
Is 2065777 a composite number?
True
Is 422708051 a prime number?
True
Is 29305097 a prime number?
False
Is 3132677 composite?
False
Is 10335697 a prime number?
True
Is 74773079 a prime number?
True
Is 15728747 a prime number?
True
Is 87694853 a prime number?
True
Is 129576311 a composite number?
True
Is 139823089 a prime number?
False
Is 3020731 a prime number?
False
Is 391716903 a prime number?
False
Is 105226873 composite?
False
Is 1087943 prime?
False
Is 16046057 a composite number?
True
Is 17689169 a prime number?
True
Is 12759829 prime?
False
Is 1017277 a prime number?
True
Is 748963 prime?
True
Is 4806821 prime?
True
Is 1081477 a composite number?
False
Is 2812163 prime?
False
Is 192737 a composite number?
False
Is 2757101 prime?
False
Is 5738041 a composite number?
False
Is 30605459 prime?
True
Is 357089 composite?
True
Is 87508591 a prime number?
True
Is 1647823 a composite number?
True
Is 4611583 composite?
True
Is 21530387 composite?
False
Is 4417847 a prime number?
False
Is 21935257 a composite number?
False
Is 139680941 a composite number?
False
Is 35873 a composite number?
True
Is 48690371 composite?
True
Is 166349 composite?
False
Is 8688049 a prime number?
False
Is 28454263 a composite number?
False
Is 1206797 composite?
True
Is 3334637 composite?
True
Is 12669877 composite?
True
Is 188169871 prime?
True
Is 21862031 composite?
False
Is 1237189 prime?
False
Is 5831213 composite?
True
Is 2743200